 - 15/5). Let h = 1291 + -1280. What is the highest common divisor of b and h?
1
Suppose o + 91 + 48 = 0. Let w = 146 + o. Calculate the highest common factor of 238 and w.
7
Suppose 0*t + 1575 = 5*t. Suppose 5*f = -0*f + t. Suppose 2*y - 4*l = 96, -l - 57 = -5*y + 156. What is the highest common divisor of y and f?
21
Let f be 25/3*(-69495)/(-1025). What is the highest common divisor of 10 and f?
5
Suppose 2*j - 680 = -2*n, 6*n - 684 = 4*n - 3*j. Let r = n + -35. What is the highest common factor of r and 7?
7
Let h = -7755 + 12285. Calculate the highest common divisor of 60 and h.
30
Let y(m) = -45*m**2 - 360*m + 42. Let t be y(-8). What is the greatest common factor of t and 434?
14
Let z = -102 - -105. Let w(r) = 6 + r**3 + 4*r - 6*r**2 + z + 4*r + 2. Let t be w(5). Calculate the greatest common divisor of 26 and t.
26
Let t = -270 + 272. Suppose 5*d - 849 = t*h, 67*d = 64*d - h + 516. Let j(k) = -k**3 + 1. Let w be j(-2). Calculate the highest common divisor of w and d.
9
Let p be (-9)/27*3 - (-73 - 0). Let t = p - 30. Calculate the greatest common factor of 63 and t.
21
Let i = 1337 + -54. Suppose 3*j = -2*g + 962, 4*j + 2*g + g = i. What is the greatest common factor of j and 64?
64
Let k(q) = -q**2 - 206*q + 156. Let w be k(0). What is the highest common divisor of w and 78?
78
Let d = 1237 + -1184. Suppose 0 = 8*c - 12*c + 4*v - 8, 6 = 2*v. What is the greatest common divisor of c and d?
1
Let j = 214327 + -214319. Let p = 70 - -22. Calculate the highest common factor of p and j.
4
Let m = -22 - -30. Suppose -m*o - 44 = -12*o. Suppose -o = -3*w + 34. Calculate the highest common divisor of 105 and w.
15
Let j(q) = 21*q**3 - q**2 - 3*q - 9. Let m be j(-2). Let b = -142 - m. Calculate the highest common factor of 9 and b.
3
Suppose 72 + 152 = 7*m. Suppose 16 = 5*g + 2*p - m, 12 = 3*p. Calculate the highest common factor of 40 and g.
8
Suppose 6*a - 308 = -8*a + 476. What is the greatest common divisor of a and 88?
8
Let s(n) = -53*n - 773. Let b be s(-17). Calculate the greatest common factor of b and 6176.
32
Suppose -103*h = -71*h - 10752. Calculate the highest common divisor of 39 and h.
3
Let r = 101 + -223. Let p = r - -275. Let m(s) = 2*s**2 - 12*s + 3. Let f be m(7). Calculate the highest common divisor of p and f.
17
Let z be 6048 + ((-14)/(-10))/(2/40*-4). Calculate the highest common factor of 35 and z.
7
Suppose 5 = -4*u + 17, -3*o - u - 129 = 0. Let y = o - -43. Let v be y/((-4)/(-4)) - (-1 + -14). What is the highest common divisor of 21 and v?
7
Let p be 57/133 + (-368)/(-7). What is the highest common factor of p and 1961?
53
Suppose -5*v = -9*v - 580. Let o = v + 271. Let l be (72/o)/(2/7). What is the highest common divisor of 16 and l?
2
Let y(j) = 3*j + 75 + 20 + 78 - 24 - j**2 + 54. Let n be y(0). What is the greatest common factor of n and 29?
29
Let g = 3426 - 3342. What is the highest common divisor of g and 21?
21
Let m(s) = -s**2 + 10*s + 28. Let b be m(12). Let w be -1*b/((-8)/(-1))*-4. Suppose 0 = -w*x + 12*x - 190. What is the greatest common divisor of x and 152?
19
Let v = -5152 - -5325. What is the greatest common factor of 4 and v?
1
Suppose 257*h - 2*w = 261*h - 1980, w + 2475 = 5*h. Calculate the greatest common factor of h and 3795.
165
Let r be 0*(33/6 + -5). Suppose r*u + 72 = 12*u. Let p(v) = 2*v**3 - 5*v**2 + 5*v - 2. Let n be p(2). Calculate the greatest common factor of n and u.
2
Let z = -5 - -10. Suppose -4*b + 1 = -0*l - l, 0 = -l - z*b + 44. Let i = -1177 + 1215. What is the greatest common factor of i and l?
19
Let h(k) = -k**2 + 2*k + 80. Let r be h(-19). Let z = r - -464. Calculate the highest common divisor of z and 29.
29
Suppose -46*v + 4110 = -13140. Calculate the highest common factor of v and 9875.
125
Let g(m) = -50*m**3 + 4*m**2 + 70*m + 331. Let i be g(-6). Calculate the highest common factor of i and 13.
13
Suppose 0 = -35*w + 320410 - 81115. Calculate the greatest common divisor of 43 and w.
43
Suppose -i + 431 = 3*m, -309 = 6*m - 8*m - 5*i. Suppose -4*y + 9*y - 4*q = m, -y = -4*q - 22. What is the highest common divisor of 570 and y?
30
Let s(q) = q**3 - 116*q**2 - 601*q - 108. Let d be s(121). What is the greatest common divisor of 47 and d?
47
Let r = -171 - 10. Let b = r - -225. Calculate the greatest common factor of 154 and b.
22
Suppose 106*o = 64*o - 13*o + 44330. Calculate the highest common factor of o and 442.
26
Suppose 0 = -5*g + 4*y + 227364, 5*g - 188594 = 3*y + 38769. What is the highest common divisor of 58 and g?
58
Suppose 64 = 2*y - 56. Let r = -15889 - -15925. What is the greatest common divisor of r and y?
12
Let a be ((-2)/6)/((-1)/12). Let h be (a - -22) + 2 + -1. Let p = -484 - -487. What is the greatest common divisor of h and p?
3
Let f = -10 - -52. Suppose -1722 = -7*s + 630. Calculate the greatest common divisor of s and f.
42
Let c be (1 + 5)*(1484/84)/1. Calculate the greatest common divisor of 6625 and c.
53
Suppose 5*q - 12 - 8 = 0. Let f be (-1)/((-1)/8)*(-3)/q. Let h(t) = t + 20. Let o be h(f). Calculate the greatest common divisor of o and 70.
14
Suppose -15*m = -17*m + 36. Let r(u) = -7 + 4 - 13*u - 35*u. Let k be r(-1). Calculate the highest common divisor of k and m.
9
Suppose 19*p - 9*p + 3860 = 0. Let l = p + 424. Let u(a) = 3*a**2 + 3*a + 5. Let v be u(5). What is the highest common factor of l and v?
19
Let n = -33 + 720. Let m = n + -592. What is the greatest common divisor of m and 20?
5
Let j = 975 - 695. What is the greatest common divisor of 112 and j?
56
Let q(l) = -30*l - 616. Let r be q(-22). What is the greatest common divisor of 396 and r?
44
Let j be -5 - 1 - (-9 + -141). Let v = j + -136. What is the greatest common divisor of v and 352?
8
Suppose -20 = 4*c, 0 = -u + 3*c - 6*c + 70. Let r = 20 + u. What is the greatest common divisor of r and 15?
15
Let j be (60/(-8))/(6/(-464)). Let l = j + -544. Calculate the greatest common divisor of 48 and l.
12
Let x = -20541 - -25348. Calculate the highest common factor of 133 and x.
19
Let t be (-45472)/490*(-5)/2. Calculate the highest common factor of t and 1048.
8
Suppose 5328 = 4*s + 4*s. Suppose 3*p = w - 327, s = 9*w - 7*w - 2*p. What is the greatest common divisor of 48 and w?
48
Let x(v) = 3*v**2 + 327*v + 1614. Let g be x(-5). Let j(h) = 7*h - 3. Let b be j(3). Suppose -9*c - b = -10*c. Calculate the highest common factor of c and g.
18
Let h = 2896 + -2880. Let f(g) = 2*g - 10. Let r be f(9). Calculate the greatest common factor of r and h.
8
Let a(g) = -2*g**2 - 16*g - 14. Let x be a(-10). Let y = -22 + 25. Let k be x/12*(y - 9). What is the greatest common factor of k and 3?
3
Let m(b) = -73 - 34 + 7*b - 101. Let i be m(30). What is the highest common divisor of i and 64?
2
Let a be 4/5*(21 - 6). Calculate the highest common divisor of a and 4116.
12
Let v = 51 - 11. Let t(u) = -v + 0*u**2 + 11 - 3 + 8*u**2. Let c be t(-5). What is the highest common factor of 28 and c?
28
Let a = 331 - 110. Let m(z) = -3*z**3 + 52*z**2 - 28*z + 200. Let j be m(17). What is the highest common factor of a and j?
13
Let h be (-6)/(-36)*-6*-182. Let o = 19 + -10. Let a(r) = r**3 - 8*r**2 - 8*r + 5. Let q be a(o). What is the greatest common factor of h and q?
14
Suppose -t + 10 = 2*l, 4*l - t + 0*t - 20 = 0. Suppose k + 1 = 0, -2*g + l*g - k = 28. Let h be -1*6*(-27)/2. Calculate the highest common divisor of h and g.
9
Suppose -18*c = -20*c + 102. Let k be c*(-5)/(-25)*20. Calculate the greatest common factor of 12 and k.
12
Suppose m = -204 + 252. Let t = 108 + -24. Calculate the greatest common divisor of t and m.
12
Let t be -2*(237/(-12) - (-3)/(-12)). Suppose 0 = 9*i - 5*i + t. Let s(h) = -h**2 - 13*h - 10. Let d be s(i). What is the greatest common factor of d and 100?
20
Let x(d) = 29*d - 621. Let m be x(22). Let b = 32 - 15. Calculate the highest common divisor of b and m.
17
Let z = 12560 - 4774. What is the highest common divisor of z and 34?
34
Let o(q) = -86*q - 332. Let a be o(-4). What is the highest common divisor of 6684 and a?
12
Suppose 2*t - 212 = -5*r, 35*r - 36*r - 3*t + 32 = 0. What is the greatest common factor of r and 444?
4
Suppose 27*t - 3465 = 34*t. Let a = -483 - t. Calculate the greatest common divisor of a and 192.
12
Let v be 2 + 6 + (-3 - -2). Suppose -